*u(d). Calculate the remainder when c(3) is divided by 15.
1
Suppose -g + 2*a - 500 = 0, -a - 1555 = 5*g + 956. Let p = -396 - g. Calculate the remainder when 313 is divided by p.
101
Let h be -1 - 1/((-8)/4 + 1). Let p(r) = 4*r + 3. Let f be p(h). Suppose 4*b - 8 = 4*s + 104, f*s = -9. What is the remainder when 173 is divided by b?
23
Let q be (-10 - -2)*(135/18 + -2). What is the remainder when 22 is divided by (q/55)/((-39)/(-45) + -1)?
4
Suppose 0 = -44*v + 36*v + 72. Suppose 3*t - 30 = -3*h, 0 = t - 6*h + v*h - 16. Calculate the remainder when 36 is divided by t.
1
Suppose 97*g - 193*g + 38850 + 41022 = 0. What is the remainder when g is divided by 139?
137
Let v = 44528 + -44504. Suppose 0 = -d + 6*d - 45. Calculate the remainder when v is divided by d.
6
Let p be -235 + (-33)/9 + (-5)/15. Let t = p - -254. Calculate the remainder when 87 is divided by t.
12
Let n(k) = k + 17. Let q be n(-10). Suppose 5*j = -62 + 162. Suppose q*p - 27 = -j. Calculate the remainder when p is divided by 1.
0
Let p(y) = 1008*y**2 - 919*y - 920. Calculate the remainder when p(-1) is divided by 16.
15
Suppose 4*d = 12, 5*g - 2*d + 0*d + 2241 = 0. Let j = -247 - g. Suppose -j = -o - 7*o. Calculate the remainder when 49 is divided by o.
24
Let g(s) = 13*s**2 + 74*s - 64. Calculate the remainder when 1583 is divided by g(-8).
175
Suppose -4*z = 3*a - 63, 0*a + 4*a = 3*z - 41. Let y = 4 + -2. Let b(d) = 29*d - 1. What is the remainder when b(y) is divided by z?
12
Let g = -171 - -182. What is the remainder when 214 is divided by 2/g - 485/(-55)?
7
Suppose 4*v - 5*u - 7 + 4 = 0, -u = 3*v + 12. Calculate the remainder when -1 + (v - -115) - -5 is divided by 20.
16
Suppose -5*g + g + 8 = 0. Suppose -72 = -0*d - g*d. What is the remainder when 2532/18 + (-28)/42 is divided by d?
32
Suppose 349*s - 893741 = 26*s. What is the remainder when s is divided by 9?
4
Suppose 18*l = 26*l - 2288. Let f = l - 191. Let x = 38 - 14. Calculate the remainder when f is divided by x.
23
Let s = 39 + -35. Suppose 5*f + s*p - 228 = 0, -2*p - 9 = p. Calculate the remainder when 128 is divided by f.
32
Let p be (-22)/(-44) - 679/(-2). Suppose 1460 - p = 28*j. Calculate the remainder when j is divided by 8.
0
Suppose -2*c = 7*c - 360. Suppose h + 2*h = -m + 51, m = -h + 47. What is the remainder when m is divided by c?
5
Let u(x) = -3*x**2 - 255*x**3 + 2 + 504*x**3 - 241*x**3. Let j(r) = -r**2 + 5*r + 1. Let w be j(5). Calculate the remainder when 33 is divided by u(w).
5
Let v(f) = -f**2 - 22*f - 29. Let h be v(-21). What is the remainder when 393 is divided by (20/h)/((-55)/484)?
19
Suppose -3*q + 304 = -4*t, -24*q = -25*q - 2*t + 118. Calculate the remainder when q is divided by 3.
0
Suppose 4*s + 2593 = -4*k + 6357, -2*k = s - 1877. Suppose 274 + k = 22*y. What is the remainder when 327 is divided by y?
52
Calculate the remainder when 279 is divided by (4254/(-4963))/((-1)/245*2).
69
Let k = 7343 + -6740. Calculate the remainder when k is divided by 39.
18
Suppose -4*p = 13*h - 335, -4*p = -3*h - 276 + 53. What is the remainder when 981 is divided by p?
5
Let j = -15544 + 16602. Calculate the remainder when j is divided by 124.
66
Suppose -5*d - h + 87 = 0, 4*d + 4*h - 2*h - 72 = 0. Suppose 4*v = -21 + d. Calculate the remainder when (-164 - 0)/(1 + v + -2) is divided by 4.
2
Let x(z) = -91*z**3 - z**2 - 845*z - 845. What is the remainder when x(-1) is divided by (1 + 20)*(-4)/(-3)?
6
Suppose -j = -5*z - 775, -5*z + 5585 = 44*j - 37*j. What is the remainder when j is divided by 148?
55
Let d(q) = 555*q**3 - 3*q**2 + 14*q - 11. What is the remainder when d(1) is divided by 181?
12
Suppose 0 = -28*j + 1839 + 4517. Calculate the remainder when j is divided by 18.
11
Suppose -4*v = -4*j + 2616, -2*j + 0*v + v = -1312. Let t = -384 + j. Suppose -14 = -3*d + t. What is the remainder when d is divided by 11?
8
Suppose -3*h + 761 = 4*s, -758 + 1806 = 4*h - 3*s. What is the remainder when 782 is divided by h?
5
Let s(o) = 3*o - 3*o**3 - 998*o**2 + 9 + 998*o**2 + 2*o**3. Calculate the remainder when s(0) is divided by (1/3)/((-1)/(-9)).
0
Suppose 1320 = -14*v + 58*v. Suppose 5*t = -267 - 1183. Calculate the remainder when 12/15*t/(-4) is divided by v.
28
Let c be (-396)/(-24) - (3/2 + -2). Suppose 2*p = c*p - 210. What is the remainder when 17 is divided by p?
3
Suppose -15*a = -3*a - 696. Let s = -55 + a. Suppose -s*t - 5*z + 53 = -2*t, 4*t = 3*z + 97. Calculate the remainder when 136 is divided by t.
24
Suppose -4*c - 473 = -4045. Calculate the remainder when c is divided by 157.
108
Let f be 1/((-4)/(-62))*2. Suppose -29*s + f*s - 22 = 0. Calculate the remainder when 170 is divided by s.
5
Calculate the remainder when (9 - 8 - (-1862)/(-42))/(1/(-3)) is divided by 51.
28
Suppose -r = -3*x - 177 - 155, -4*r - x = -1354. Suppose 18*w + 2*u + r = 20*w, 3 = 3*u. What is the remainder when w is divided by 19?
18
Let o(m) = m + 1. Let p be o(-21). Let k = 20 + p. Suppose -5*t + t + 420 = k. Calculate the remainder when t is divided by 27.
24
Let n be 0/((-4)/(0 - 4)). Suppose d + 0 - 8 = -4*t, n = 3*d + 5*t - 17. Let m = d - -31. What is the remainder when m is divided by 10?
5
Let n = -65 - -61. Suppose 0 = 5*p + q + 50, -4*p = -q + 6*q + 19. Calculate the remainder when 40 is divided by (p/(-2))/((-2)/n).
7
Let b = -22 - -19. Let h = 13 - b. Suppose -5*u - h + 86 = 0. What is the remainder when 67 is divided by u?
11
Suppose -67*b + 68*b - 3*j = 215, -4*b + 888 = -5*j. Calculate the remainder when 1582 is divided by b.
220
Let p = 2407 + -2392. Calculate the remainder when 2159 is divided by p.
14
Suppose -92*s = 40*s - 1376493 + 269013. What is the remainder when s is divided by 77?
74
Let i(z) = -z**3 + 9*z**2 - 15*z - 12. Let r be i(8). What is the remainder when -2*(r/12)/((-2)/(-3)) is divided by 5?
2
Suppose -4*r + 2031 = -5*b + 9867, 3*b = -5*r + 4709. Calculate the remainder when b is divided by 99.
83
Suppose -5*v - u = -61, 12*v = 15*v - 5*u - 31. Suppose -3 = -3*n - 2*n + 3*f, 3*f = v. Calculate the remainder when 28 is divided by n.
1
Let h(s) = 278*s**3 + 2*s**2 + 184*s - 185. Calculate the remainder when h(1) is divided by 14.
13
Let d = 700 + -490. Let h = 228 - d. Calculate the remainder when h is divided by 5.
3
Suppose -24 = -3*g + 180. Suppose 38*u = 27*u + 396. What is the remainder when g is divided by u/66 + (-888)/(-66)?
12
Let o = -75 - -142. Suppose 257*i + 120684 = 935*i. Calculate the remainder when i is divided by o.
44
Let h be (36/(-30))/((-9)/60). Suppose h*p = -2*p + 250. Let v(u) = u**3 + 7*u**2 - 9*u - 16. Calculate the remainder when v(-6) is divided by p.
24
Suppose -6*a = -4*y - 100, 10*y = -a + 5*y + 11. Calculate the remainder when 129 is divided by a.
1
Let l(q) = q**3 - 9*q**2 + 9*q - 9. Let m be l(7). Let s = 169 + -160. Calculate the remainder when s is divided by (-2)/(-11) + (-124)/m.
0
Suppose 3*t + 4*u = -37, 2642*t + u + 13 = 2645*t. Suppose 7*l = 4*l + 51. Calculate the remainder when l is divided by t.
0
Suppose -6*p + 15*p - 252 = 0. Suppose p = 10*r - 3*r. What is the remainder when 103 is divided by r?
3
Let b be 1*2/((-2)/3). Let t(g) = 2*g + 223*g**2 + 251*g**2 + 3 - 449*g**2. What is the remainder when t(b) is divided by 25?
22
Let a = 10777 - 10596. What is the remainder when 674 is divided by a?
131
Let v = 10336 - 9550. What is the remainder when v is divided by 40?
26
Suppose 2 = a + a + 2*f, 5*a - 8 = -4*f. Suppose -s - i + a = 0, 7 = -3*s + 2*i + 24. What is the remainder when 10 is divided by s?
0
Suppose 6 = 4*h - 3*w - 595, 3*w = -9. Suppose -h = -z + 127. Suppose -3*j + x = -8*j + z, -2*j - 4*x + 92 = 0. Calculate the remainder when j is divided by 22.
12
Suppose y - 4*y + 3*u + 243 = 0, -2*u = y - 84. Suppose 5*s = 5*w + 45, 15*s - 11*s + 3*w - 71 = 0. What is the remainder when y is divided by s?
12
Let s be 5*(-1)/(-5)*4. Let n be ((-1)/s)/(5/(-300)). Calculate the remainder when (-9*n)/(-3) - 0 is divided by 16.
13
Calculate the remainder when 354 is divided by (-193 - -182) + 3*23.
6
Suppose -2*h + 5*f + 256 = 0, 2*f + 1 = -3. Let j(q) = 30*q**3 - q**2. What is the remainder when h is divided by j(1)?
7
Suppose 9*n + 8*n = 2907. Calculate the remainder when n is divided by 8.
3
Suppose 0 = 13*z - 123 - 20. Suppose -8*p 